{"id":1524,"date":"2017-11-15T18:09:53","date_gmt":"2017-11-15T18:09:53","guid":{"rendered":"http:\/\/ferienwohnung-krapohl.de\/?page_id=1524"},"modified":"2023-06-06T08:41:32","modified_gmt":"2023-06-06T08:41:32","slug":"beschreibung-der-wohnung","status":"publish","type":"page","link":"https:\/\/ferienwohnung-krapohl.de\/?page_id=1524","title":{"rendered":"Beschreibung der Wohnung"},"content":{"rendered":"<div>\n<div class=\"flex flex-grow flex-col gap-3\">\n<div class=\"min-h-[20px] flex flex-col items-start gap-4 whitespace-pre-wrap break-words\">\n<div class=\"markdown prose w-full break-words dark:prose-invert light\">\n<p>Unsere Ferienwohnung erstreckt sich \u00fcber eine Fl\u00e4che von 60 qm und bietet Ihnen ein komfortables Zuhause auf Zeit. Sie besteht aus einem gem\u00fctlichen Wohnzimmer, einem Schlafzimmer, einem Badezimmer mit Dusche und WC sowie einer gut ausgestatteten K\u00fcche mit Essplatz.<\/p>\n<p>Im Wohnzimmer erwartet Sie ein bequemer Schaukelstuhl, der perfekt f\u00fcr entspannte Lesestunden geeignet ist. Selbstverst\u00e4ndlich stehen Ihnen auch ein Flachbildschirm und eine Hifi-Anlage zur Verf\u00fcgung, um Ihre Unterhaltung zu genie\u00dfen.<\/p>\n<p>Das Schlafzimmer ist mit einem komfortablen Doppelbett und einem gro\u00dfz\u00fcgigen Kleiderschrank mit Ganzk\u00f6rperspiegel ausgestattet, um Ihnen gen\u00fcgend Stauraum f\u00fcr Ihre pers\u00f6nlichen Gegenst\u00e4nde zu bieten.<\/p>\n<p>Die K\u00fcche verf\u00fcgt \u00fcber alle Annehmlichkeiten, die Sie ben\u00f6tigen, um Ihre Lieblingsgerichte zuzubereiten. Dazu geh\u00f6ren ein Geschirrsp\u00fcler, K\u00fchlschrank, Backofen, Ceranfeld, Mikrowelle, Kapsel- und Kaffeemaschine sowie ein Wasserkocher. Auch die kleinen technischen Details des t\u00e4glichen Bedarfs sind vorhanden.<\/p>\n<p>Ein ger\u00e4umiger Esstisch mit vier St\u00fchlen rundet das Bild ab und l\u00e4dt zu gemeinsamen Mahlzeiten ein.<\/p>\n<p>Das Badezimmer bietet Ihnen eine Dusche mit einem niedrigen Einstieg von nur 10 cm, was besonders f\u00fcr \u00e4ltere Menschen oder Personen mit eingeschr\u00e4nkter Mobilit\u00e4t praktisch ist.<\/p>\n<p>Von der gro\u00dfen Terrasse aus, die einen herrlichen Blick auf den park\u00e4hnlichen Garten und die majest\u00e4tischen Harzer Berge bietet, k\u00f6nnen Sie bei sch\u00f6nem Wetter die Natur in vollen Z\u00fcgen genie\u00dfen. Die Sitzgruppe l\u00e4dt zum Verweilen und Entspannen ein.<\/p>\n<p>Die Ferienwohnung verf\u00fcgt \u00fcber einen separaten Eingang und ist \u00fcber den Wintergarten zug\u00e4nglich, der \u00fcber 2&#215;2 Stufen erreichbar ist. Somit ist die Wohnung auch f\u00fcr Senioren und Personen mit eingeschr\u00e4nkter Mobilit\u00e4t bequem erreichbar.<\/p>\n<p>Wir freuen uns darauf, Sie in unserer seniorenfreundlichen Ferienwohnung willkommen zu hei\u00dfen und Ihnen einen angenehmen Aufenthalt in Bad Harzburg zu erm\u00f6glichen.<\/p>\n<\/div>\n<\/div>\n<\/div>\n<\/div>\n","protected":false},"excerpt":{"rendered":"<p>Unsere Ferienwohnung erstreckt sich \u00fcber eine Fl\u00e4che von 60 qm und bietet Ihnen ein komfortables Zuhause auf Zeit. Sie besteht aus einem gem\u00fctlichen Wohnzimmer, einem Schlafzimmer, einem Badezimmer mit Dusche und WC sowie einer gut ausgestatteten K\u00fcche mit Essplatz. Im Wohnzimmer erwartet Sie ein bequemer Schaukelstuhl, der perfekt f\u00fcr entspannte Lesestunden geeignet ist. Selbstverst\u00e4ndlich stehen &hellip; <\/p>\n<p class=\"link-more\"><a href=\"https:\/\/ferienwohnung-krapohl.de\/?page_id=1524\" class=\"more-link\"><span class=\"screen-reader-text\">\u201eBeschreibung der Wohnung\u201c<\/span> weiterlesen<\/a><\/p>\n","protected":false},"author":1,"featured_media":0,"parent":0,"menu_order":0,"comment_status":"closed","ping_status":"closed","template":"","meta":{"ngg_post_thumbnail":0,"footnotes":""},"_links":{"self":[{"href":"https:\/\/ferienwohnung-krapohl.de\/index.php?rest_route=\/wp\/v2\/pages\/1524"}],"collection":[{"href":"https:\/\/ferienwohnung-krapohl.de\/index.php?rest_route=\/wp\/v2\/pages"}],"about":[{"href":"https:\/\/ferienwohnung-krapohl.de\/index.php?rest_route=\/wp\/v2\/types\/page"}],"author":[{"embeddable":true,"href":"https:\/\/ferienwohnung-krapohl.de\/index.php?rest_route=\/wp\/v2\/users\/1"}],"replies":[{"embeddable":true,"href":"https:\/\/ferienwohnung-krapohl.de\/index.php?rest_route=%2Fwp%2Fv2%2Fcomments&post=1524"}],"version-history":[{"count":6,"href":"https:\/\/ferienwohnung-krapohl.de\/index.php?rest_route=\/wp\/v2\/pages\/1524\/revisions"}],"predecessor-version":[{"id":1569,"href":"https:\/\/ferienwohnung-krapohl.de\/index.php?rest_route=\/wp\/v2\/pages\/1524\/revisions\/1569"}],"wp:attachment":[{"href":"https:\/\/ferienwohnung-krapohl.de\/index.php?rest_route=%2Fwp%2Fv2%2Fmedia&parent=1524"}],"curies":[{"name":"wp","href":"https:\/\/api.w.org\/{rel}","templated":true}]}}